 base 8.
244
Convert 28 (base 9) to base 6.
42
-3 (base 4) to base 6
-3
10 (base 3) to base 13
3
1 (base 10) to base 5
1
-354 (base 8) to base 10
-236
-4 (base 9) to base 12
-4
What is -2232 (base 4) in base 5?
-1144
What is 13 (base 12) in base 7?
21
What is -13 (base 5) in base 14?
-8
Convert 10 (base 8) to base 11.
8
Convert 2 (base 12) to base 2.
10
Convert -10d (base 14) to base 2.
-11010001
Convert -4 (base 16) to base 7.
-4
Convert -46 (base 16) to base 3.
-2121
Convert 10000111 (base 2) to base 4.
2013
Convert -9 (base 11) to base 10.
-9
-1 (base 6) to base 13
-1
What is 1201 (base 3) in base 9?
51
-14 (base 6) to base 11
-a
8 (base 9) to base 2
1000
What is -59 (base 15) in base 12?
-70
Convert ca (base 14) to base 16.
b2
Convert -13 (base 8) to base 7.
-14
Convert -154 (base 9) to base 12.
-aa
What is 4 (base 16) in base 4?
10
-12 (base 8) to base 6
-14
What is -11020 (base 3) in base 7?
-222
Convert -20012 (base 3) to base 7.
-326
What is -7 (base 16) in base 3?
-21
Convert -34 (base 7) to base 6.
-41
Convert 144 (base 7) to base 6.
213
What is -53 (base 10) in base 8?
-65
What is -13 (base 10) in base 2?
-1101
Convert 6 (base 12) to base 15.
6
-13 (base 10) to base 8
-15
What is 21 (base 10) in base 5?
41
Convert 240 (base 6) to base 11.
88
-350 (base 7) to base 9
-222
16 (base 13) to base 4
103
What is -4d (base 15) in base 12?
-61
What is 3 (base 13) in base 11?
3
Convert -c (base 13) to base 11.
-11
What is 32 (base 10) in base 13?
26
-10 (base 7) to base 10
-7
3 (base 14) to base 2
11
Convert 4c (base 16) to base 2.
1001100
Convert -b4 (base 15) to base 5.
-1134
Convert 22 (base 16) to base 6.
54
What is -4 (base 9) in base 4?
-10
-20 (base 6) to base 15
-c
Convert 1a7 (base 12) to base 6.
1131
-206 (base 12) to base 7
-600
3 (base 15) to base 12
3
What is 1d (base 16) in base 2?
11101
Convert 81 (base 13) to base 2.
1101001
What is -21 (base 9) in base 12?
-17
What is 51 (base 14) in base 10?
71
What is -2231 (base 4) in base 6?
-445
301 (base 4) to base 15
34
What is -2 (base 9) in base 6?
-2
What is 3 (base 14) in base 15?
3
-1 (base 11) to base 4
-1
-2 (base 10) to base 8
-2
Convert -8 (base 16) to base 5.
-13
Convert 126 (base 13) to base 5.
1301
Convert -1 (base 3) to base 5.
-1
-1111 (base 2) to base 15
-10
Convert -140 (base 5) to base 14.
-33
Convert -2 (base 11) to base 16.
-2
Convert 1 (base 10) to base 5.
1
What is 2103 (base 4) in base 11?
124
What is 47 (base 11) in base 16?
33
-20112 (base 3) to base 13
-107
Convert -4 (base 12) to base 13.
-4
Convert -404 (base 6) to base 16.
-94
221 (base 6) to base 7
151
-7 (base 13) to base 2
-111
Convert 2331 (base 4) to base 10.
189
-10 (base 3) to base 16
-3
405 (base 6) to base 3
12112
6b (base 13) to base 3
10022
What is -56 (base 8) in base 15?
-31
-2 (base 10) to base 5
-2
What is -1100 (base 3) in base 15?
-26
What is -4 (base 14) in base 4?
-10
-11 (base 2) to base 15
-3
12 (base 10) to base 8
14
-200 (base 5) to base 8
-62
65 (base 16) to base 11
92
5 (base 13) to base 2
101
Convert -221 (base 5) to base 8.
-75
Convert -a6 (base 13) to base 11.
-114
Convert 12022 (base 3) to base 2.
10001111
What is 121 (base 6) in base 13?
3a
What is 2 (base 7) in base 15?
2
Convert 2 (base 11) to base 5.
2
Convert 2 (base 13) to base 14.
2
2 (base 10) to base 8
2
Convert -6 (base 8) to base 13.
-6
What is -12 (base 15) in base 7?
-23
-59 (base 10) to base 14
-43
Convert 2a (base 15) to base 11.
37
Convert 264 (base 8) to base 7.
345
What is -320 (base 4) in base 5?
-211
What is 23 (base 7) in base 4?
101
What is -c4 (base 13) in base 4?
-2200
What is 2010 (base 3) in base 7?
111
What is -2 (base 3) in base 12?
-2
-6 (base 9) to base 6
-10
Convert 32 (base 15) to base 3.
1202
Convert 30 (base 11) to base 16.
21
What is -5 (base 6) in base 12?
-5
What is -67 (base 13) in base 14?
-61
-2124 (base 5) to base 8
-441
What is -2b (base 16) in base 4?
-223
Convert -82 (base 13) to base 6.
-254
10 (base 3) to base 11
3
Convert -22 (base 5) to base 11.
-11
Convert 1 (base 12) to base 7.
1
101111 (base 2) to base 3
1202
Convert 1101110 (base 2) to base 11.
a0
What is 101 (base 4) in base 14?
13
What is -47 (base 16) in base 2?
-1000111
-6 (base 10) to base 8
-6
0 (base 3) to base 12
0
What is -31 (base 6) in base 8?
-23
Convert 220 (base 4) to base 5.
130
Convert 2 (base 15) to base 11.
2
What is 76 (base 9) in base 12?
59
What is 44 (base 8) in base 5?
121
Convert 101 (base 7) to base 9.
55
Convert 1033 (base 4) to base 16.
4f
Convert 12 (base 3) to base 15.
5
Convert 10331 (base 4) to base 5.
2232
Convert -55 (base 13) to base 4.
-1012
Convert -1320 (base 5) to base 3.
-21210
What is 2 (base 7) in base 11?
2
-11 (base 2) to base 10
-3
-2 (base 11) to base 7
-2
Convert 47 (base 10) to base 2.
101111
Convert 340 (base 6) to base 16.
84
Convert -7 (base 8) to base 10.
-7
-45 (base 12) to base 4
-311
What is -3 (base 4) in base 12?
-3
Convert 329 (base 10) to base 11.
27a
What is -150 (base 12) in base 2?
-11001100
-22 (base 13) to base 2
-11100
-4 (base 5) to base 9
-4
-1 (base 2) to base 4
-1
What is -1111 (base 4) in base 6?
-221
Convert -cc (base 14) to base 6.
-500
Convert 15 (base 8) to base 13.
10
What is d9 (base 15) in base 10?
204
30 (base 9) to base 2
11011
Convert 2 (base 4) to base 16.
2
What is -9 (base 12) in base 16?
-9
4 (base 15) to base 7
4
Convert 10 (base 4) to base 6.
4
73 (base 10) to base 6
201
What is 100 (base 2) in base 8?
4
48 (base 15) to base 9
75
What is 86 (base 16) in base 7?
251
What is c8 (base 15) in base 16?
bc
What is -306 (base 7) in base 8?
-231
What is 31 (base 8) in base 12?
21
-342 (base 6) to base 8
-206
-1 (base 15) to base 6
-1
What is -1 (base 11) in base 4?
-1
Convert -1 (base 14) to base 5.
-1
-b (base 12) to base 5
-21
Convert 65 (base 13) to base 16.
53
Convert -4 (base 7) to base 14.
-4
What is 43 (base 9) in base 5?
124
Convert 11 (base 4) to base 16.
5
What is 344 (base 5) in base 4?
1203
2113 (base 4) to base 16
97
3 (base 12) to base 14
3
Convert -7 (base 10) to base 13.
-7
What is -120 (base 4) in base 9?
-26
What is -2 (base 15) in base 8?
-2
What is 1 (base 4) in base 16?
1
What is 10 (base 2) in base 15?
2
3 (base 10) to base 7
3
Convert 7c (base 16) to base 14.
8c
What is -6 (base 11) in base 2?
-110
-110 (base 15) to base 11
-1a9
Convert 40 (base 7) to base 15.
1d
What is -121 (base 6) in base 9?
-54
Convert -a (base 14) to base 7.
-13
Convert 14 (base 16) to base 9.
22
11 (base 9) to base 8
12
What is -121 (base 9) in base 16?
-64
What is -1101101 (base 2) in base 10?
-109
What is 153 (base 6) in base 16?
45
10201 (base 3) to base 8
144
What is -14 (base 6) in base 4?
-22
What is 124 (base 12) in base 13?
103
5 (base 10) to base 4
11
Convert 10 (base 8) to base 16.
8
What is -60 (base 8) in base 14?
-36
65 (base 10) to base 14
49
What is -1100000 (base 2) in base 15?
-66
Convert 1 (base 11) to base 3.
1
3 (base 5) to base 2
11
What is 18 (base 14) in base 9?
24
Convert 11011 (base 3) to base 10.
112
Convert -2 (base 7) to base 15.
-2
Convert -1100 (base 2) to base 5.
-22
12112 (base 3) to base 7
302
What is -2 (base 5) in base 14?
-2
Convert -1010100 (base 2) to base 15.
-59
What is 1 (base 10) in base 14?
1
Convert 10100 (base 2) to base 8.
24
21 (base 13) to base 2
11011
Convert 66 (base 16) to base 15.
6c
Convert 65 (base 8) to base 7.
104
Convert 1 (base 6) to base 9.
1
What is -13 (base 9) in base 15?
-c
Convert -10 (base 2) to base 15.
-2
What is 10 (base 7) in base 16?
7
What is 0 (base 9) in base 3?
0
What is -1 (base 2) in base 3?
-1
-4 (base 15) to base 11
-4
Convert 10 (base 2) to base 14.
2
What is 10 (base 5) in base 13?
5
What is b5 (base 16) in base 14?
cd
What is 13 (base 4) in base 2?
111
-311 (base 7) to base 2
-10011011
What is 3 (base 14) in base 11?
3
Convert 177 (base 10) to base 5.
1202
What is 53 (base 10) in base 8?
65
Convert 3 (base 7) to base 9.
3
Convert 0 (base 14) to base 15.
0
33 (base 9) to base 13
24
Convert 7 (base 12) to base 16.
7
7a (base 16) to base 5
442
Convert 1313 (base 4) to base 12.
9b
What is -1101000 (base 2) in base 5?
-404
What is 40 (base 9) in base 6?
100
Convert 47 (base 11) to base 13.
3c
11 (base 7) to base 11
8
-22210 (base 3) to base 12
-179
-30 (base 11) to base 7
-45
Co